{"id":139593,"date":"2019-11-14T10:35:31","date_gmt":"2019-11-14T09:35:31","guid":{"rendered":"https:\/\/www.dorotakaminska.pl\/sklep\/?page_id=139593"},"modified":"2021-07-29T20:48:58","modified_gmt":"2021-07-29T18:48:58","slug":"newsletter","status":"publish","type":"page","link":"https:\/\/www.dorotakaminska.pl\/sklep\/newsletter\/","title":{"rendered":"Newsletter"},"content":{"rendered":"[vc_row][vc_column][vc_column_text]\n<h3 style=\"text-align: center;\">Odbierz kod rabatowy na 15% zni\u017cki<\/h3>\n[\/vc_column_text][\/vc_column][\/vc_row][vc_row][vc_column][vc_column_text]Zasubskrybuj newsletter i odbierz kod rabatowy! B\u0119dziesz dostawa\u0107 potem 2-4 wiadomo\u015bci wysy\u0142ane w ci\u0105gu miesi\u0105ca, kt\u00f3re tworz\u0119 z my\u015bl\u0105 o tych z Was, kt\u00f3rzy nie \u015bledz\u0105 mnie na bie\u017c\u0105co w mediach spo\u0142eczno\u015bciowych, ale nie tylko :).[\/vc_column_text][vc_widget_sidebar sidebar_id=&#8221;footer6&#8243;][\/vc_column][\/vc_row]\n","protected":false},"excerpt":{"rendered":"<p>[vc_row][vc_column][vc_column_text] Odbierz kod rabatowy na 15% zni\u017cki [\/vc_column_text][\/vc_column][\/vc_row][vc_row][vc_column][vc_column_text]Zasubskrybuj newsletter i odbierz kod rabatowy! B\u0119dziesz dostawa\u0107 potem 2-4 wiadomo\u015bci wysy\u0142ane w ci\u0105gu miesi\u0105ca, kt\u00f3re tworz\u0119 z my\u015bl\u0105 o tych z Was, kt\u00f3rzy nie \u015bledz\u0105 mnie na bie\u017c\u0105co w mediach spo\u0142eczno\u015bciowych, ale nie tylko :).[\/vc_column_text][vc_widget_sidebar sidebar_id=&#8221;footer6&#8243;][\/vc_column][\/vc_row]<\/p>\n","protected":false},"author":1,"featured_media":0,"parent":0,"menu_order":0,"comment_status":"closed","ping_status":"closed","template":"","meta":{"footnotes":""},"class_list":["post-139593","page","type-page","status-publish","hentry"],"_links":{"self":[{"href":"https:\/\/www.dorotakaminska.pl\/sklep\/wp-json\/wp\/v2\/pages\/139593","targetHints":{"allow":["GET"]}}],"collection":[{"href":"https:\/\/www.dorotakaminska.pl\/sklep\/wp-json\/wp\/v2\/pages"}],"about":[{"href":"https:\/\/www.dorotakaminska.pl\/sklep\/wp-json\/wp\/v2\/types\/page"}],"author":[{"embeddable":true,"href":"https:\/\/www.dorotakaminska.pl\/sklep\/wp-json\/wp\/v2\/users\/1"}],"replies":[{"embeddable":true,"href":"https:\/\/www.dorotakaminska.pl\/sklep\/wp-json\/wp\/v2\/comments?post=139593"}],"version-history":[{"count":8,"href":"https:\/\/www.dorotakaminska.pl\/sklep\/wp-json\/wp\/v2\/pages\/139593\/revisions"}],"predecessor-version":[{"id":140940,"href":"https:\/\/www.dorotakaminska.pl\/sklep\/wp-json\/wp\/v2\/pages\/139593\/revisions\/140940"}],"wp:attachment":[{"href":"https:\/\/www.dorotakaminska.pl\/sklep\/wp-json\/wp\/v2\/media?parent=139593"}],"curies":[{"name":"wp","href":"https:\/\/api.w.org\/{rel}","templated":true}]}}